{"id":51,"date":"2024-03-02T09:01:01","date_gmt":"2024-03-02T09:01:01","guid":{"rendered":"https:\/\/cwiencke.de\/?page_id=51"},"modified":"2024-03-28T07:29:46","modified_gmt":"2024-03-28T07:29:46","slug":"seniorentreff","status":"publish","type":"page","link":"https:\/\/cwiencke.de\/?page_id=51","title":{"rendered":"Das 60er"},"content":{"rendered":"\n<p>Unter dem Namen \u201edas 60er\u201c gibt es seit Oktober 2023&nbsp;im B\u00fcrgercaf\u00e9&nbsp;einen Treffpunkt f\u00fcr die \u00e4lteren Generationen&nbsp;in der Gemeinde&nbsp;(rund um 60 Jahre und ebenso deutlich dar\u00fcber). Wie einige andere Arbeitsgruppen geh\u00f6ren wir zum B\u00fcndnis \u201e\u00dc60 &#8211; aktiv\u201c.<\/p>\n\n\n\n<p>Der&nbsp;Treffpunkt&nbsp;\u201edas 60er\u201c&nbsp;hat einmal monatlich ge\u00f6ffnet, in der Regel jeden 2. Mittwoch im Monat. Hier&nbsp;trifft man sich&nbsp;zum Austausch, zum Zuh\u00f6ren, bei informativen Referaten, zum kreativen Mitmachen \u2013 bei Kaffee und Kuchen oder Geb\u00e4ck.&nbsp;<\/p>\n\n\n\n<p>\u201eDas 60er\u201c&nbsp;findet im&nbsp;B\u00fcrgercaf\u00e9 des&nbsp;B\u00fcrger- und Jugendtreffsan der&nbsp;Unterjettinger&nbsp;Hauptstra\u00dfe statt.&nbsp;Der Treffpunkt ist wie alle Arbeitsgruppen des&nbsp;\u201e\u00dc60&nbsp;&#8211;&nbsp;aktiv\u201c dem&nbsp;Generationenreferat B\u00fcrgerimpuls&nbsp;angegliedert.<\/p>\n","protected":false},"excerpt":{"rendered":"<p>Unter dem Namen \u201edas 60er\u201c gibt es seit Oktober 2023&nbsp;im B\u00fcrgercaf\u00e9&nbsp;einen Treffpunkt f\u00fcr die \u00e4lteren Generationen&nbsp;in der Gemeinde&nbsp;(rund um 60 Jahre und ebenso deutlich dar\u00fcber). Wie einige andere Arbeitsgruppen geh\u00f6ren wir zum B\u00fcndnis \u201e\u00dc60 &#8211; aktiv\u201c. Der&nbsp;Treffpunkt&nbsp;\u201edas 60er\u201c&nbsp;hat einmal monatlich ge\u00f6ffnet, in der Regel jeden 2. Mittwoch im Monat. Hier&nbsp;trifft man sich&nbsp;zum Austausch, zum Zuh\u00f6ren, [&hellip;]<\/p>\n","protected":false},"author":1,"featured_media":0,"parent":0,"menu_order":0,"comment_status":"closed","ping_status":"closed","template":"","meta":{"footnotes":""},"class_list":["post-51","page","type-page","status-publish","hentry"],"_links":{"self":[{"href":"https:\/\/cwiencke.de\/index.php?rest_route=\/wp\/v2\/pages\/51","targetHints":{"allow":["GET"]}}],"collection":[{"href":"https:\/\/cwiencke.de\/index.php?rest_route=\/wp\/v2\/pages"}],"about":[{"href":"https:\/\/cwiencke.de\/index.php?rest_route=\/wp\/v2\/types\/page"}],"author":[{"embeddable":true,"href":"https:\/\/cwiencke.de\/index.php?rest_route=\/wp\/v2\/users\/1"}],"replies":[{"embeddable":true,"href":"https:\/\/cwiencke.de\/index.php?rest_route=%2Fwp%2Fv2%2Fcomments&post=51"}],"version-history":[{"count":3,"href":"https:\/\/cwiencke.de\/index.php?rest_route=\/wp\/v2\/pages\/51\/revisions"}],"predecessor-version":[{"id":91,"href":"https:\/\/cwiencke.de\/index.php?rest_route=\/wp\/v2\/pages\/51\/revisions\/91"}],"wp:attachment":[{"href":"https:\/\/cwiencke.de\/index.php?rest_route=%2Fwp%2Fv2%2Fmedia&parent=51"}],"curies":[{"name":"wp","href":"https:\/\/api.w.org\/{rel}","templated":true}]}}